{"id":1155,"date":"2024-06-24T14:23:41","date_gmt":"2024-06-24T14:23:41","guid":{"rendered":"http:\/\/source.wpopal.com\/x-street\/product\/sentei-pruning-shears\/"},"modified":"2026-04-15T12:09:12","modified_gmt":"2026-04-15T11:09:12","slug":"numeracao-sequencial","status":"publish","type":"product","link":"https:\/\/plasbritos.pt\/index.php\/produto\/numeracao-sequencial\/","title":{"rendered":"Envelope Expedi\u00e7\u00e3o com numera\u00e7\u00e3o Sequencial"},"content":{"rendered":"<p>Envelope de expedi\u00e7\u00e3o do tipo COEX com impress\u00e3o de numera\u00e7\u00e3o sequencial<\/p>\n","protected":false},"excerpt":{"rendered":"<p>Envelope de expedi\u00e7\u00e3o do tipo COEX com impress\u00e3o de numera\u00e7\u00e3o sequencial<\/p>\n","protected":false},"featured_media":6337,"comment_status":"open","ping_status":"closed","template":"","meta":[],"product_cat":[51,53],"product_tag":[],"class_list":{"0":"post-1155","1":"product","2":"type-product","3":"status-publish","4":"has-post-thumbnail","6":"product_cat-envelopes","7":"product_cat-personalizados","9":"first","10":"instock","11":"shipping-taxable","12":"purchasable","13":"product-type-variable"},"_links":{"self":[{"href":"https:\/\/plasbritos.pt\/index.php\/wp-json\/wp\/v2\/product\/1155"}],"collection":[{"href":"https:\/\/plasbritos.pt\/index.php\/wp-json\/wp\/v2\/product"}],"about":[{"href":"https:\/\/plasbritos.pt\/index.php\/wp-json\/wp\/v2\/types\/product"}],"replies":[{"embeddable":true,"href":"https:\/\/plasbritos.pt\/index.php\/wp-json\/wp\/v2\/comments?post=1155"}],"version-history":[{"count":3,"href":"https:\/\/plasbritos.pt\/index.php\/wp-json\/wp\/v2\/product\/1155\/revisions"}],"predecessor-version":[{"id":6338,"href":"https:\/\/plasbritos.pt\/index.php\/wp-json\/wp\/v2\/product\/1155\/revisions\/6338"}],"wp:featuredmedia":[{"embeddable":true,"href":"https:\/\/plasbritos.pt\/index.php\/wp-json\/wp\/v2\/media\/6337"}],"wp:attachment":[{"href":"https:\/\/plasbritos.pt\/index.php\/wp-json\/wp\/v2\/media?parent=1155"}],"wp:term":[{"taxonomy":"product_cat","embeddable":true,"href":"https:\/\/plasbritos.pt\/index.php\/wp-json\/wp\/v2\/product_cat?post=1155"},{"taxonomy":"product_tag","embeddable":true,"href":"https:\/\/plasbritos.pt\/index.php\/wp-json\/wp\/v2\/product_tag?post=1155"}],"curies":[{"name":"wp","href":"https:\/\/api.w.org\/{rel}","templated":true}]}}